{"id":859,"date":"2020-11-11T14:18:55","date_gmt":"2020-11-11T14:18:55","guid":{"rendered":"https:\/\/www.cfiq.ca\/service\/aide-a-lintegration-des-immigrants-au-quebec\/"},"modified":"2025-10-09T15:06:01","modified_gmt":"2025-10-09T19:06:01","slug":"aide-a-lintegration-des-immigrants-au-quebec","status":"publish","type":"service","link":"https:\/\/www.cfiq.ca\/es\/service\/aide-a-lintegration-des-immigrants-au-quebec\/","title":{"rendered":"Servicio de apoyo e integraci\u00f3n para inmigrantes en Quebec"},"content":{"rendered":"","protected":false},"featured_media":0,"template":"","class_list":["post-859","service","type-service","status-publish","hentry"],"acf":[],"yoast_head":"<!-- This site is optimized with the Yoast SEO plugin v26.9 - https:\/\/yoast.com\/product\/yoast-seo-wordpress\/ -->\n<title>Servicio de apoyo e integraci\u00f3n para inmigrantes en Quebec<\/title>\n<meta name=\"description\" content=\"Le Collectif accueille, informe et accompagne les immigrants dans leurs d\u00e9marches d&#039;int\u00e9gration \u00e0 la soci\u00e9t\u00e9 Qu\u00e9b\u00e9coise, D\u00e9couvrez aussi la formation &quot;Objectif int\u00e9gration (OI)&quot;.\" \/>\n<meta name=\"robots\" content=\"index, follow, max-snippet:-1, max-image-preview:large, max-video-preview:-1\" \/>\n<link rel=\"canonical\" href=\"https:\/\/www.cfiq.ca\/es\/service\/aide-a-lintegration-des-immigrants-au-quebec\/\" \/>\n<meta property=\"og:locale\" content=\"es_ES\" \/>\n<meta property=\"og:type\" content=\"article\" \/>\n<meta property=\"og:title\" content=\"Servicio de apoyo e integraci\u00f3n para inmigrantes en Quebec\" \/>\n<meta property=\"og:description\" content=\"Le Collectif accueille, informe et accompagne les immigrants dans leurs d\u00e9marches d&#039;int\u00e9gration \u00e0 la soci\u00e9t\u00e9 Qu\u00e9b\u00e9coise, D\u00e9couvrez aussi la formation &quot;Objectif int\u00e9gration (OI)&quot;.\" \/>\n<meta property=\"og:url\" content=\"https:\/\/www.cfiq.ca\/es\/service\/aide-a-lintegration-des-immigrants-au-quebec\/\" \/>\n<meta property=\"og:site_name\" content=\"Collectif\" \/>\n<meta property=\"article:modified_time\" content=\"2025-10-09T19:06:01+00:00\" \/>\n<meta name=\"twitter:card\" content=\"summary_large_image\" \/>\n<script type=\"application\/ld+json\" class=\"yoast-schema-graph\">{\"@context\":\"https:\/\/schema.org\",\"@graph\":[{\"@type\":\"WebPage\",\"@id\":\"https:\/\/www.cfiq.ca\/es\/service\/aide-a-lintegration-des-immigrants-au-quebec\/\",\"url\":\"https:\/\/www.cfiq.ca\/es\/service\/aide-a-lintegration-des-immigrants-au-quebec\/\",\"name\":\"Servicio de apoyo e integraci\u00f3n para inmigrantes en Quebec\",\"isPartOf\":{\"@id\":\"https:\/\/www.cfiq.ca\/#website\"},\"datePublished\":\"2020-11-11T14:18:55+00:00\",\"dateModified\":\"2025-10-09T19:06:01+00:00\",\"description\":\"Le Collectif accueille, informe et accompagne les immigrants dans leurs d\u00e9marches d'int\u00e9gration \u00e0 la soci\u00e9t\u00e9 Qu\u00e9b\u00e9coise, D\u00e9couvrez aussi la formation \\\"Objectif int\u00e9gration (OI)\\\".\",\"breadcrumb\":{\"@id\":\"https:\/\/www.cfiq.ca\/es\/service\/aide-a-lintegration-des-immigrants-au-quebec\/#breadcrumb\"},\"inLanguage\":\"es\",\"potentialAction\":[{\"@type\":\"ReadAction\",\"target\":[\"https:\/\/www.cfiq.ca\/es\/service\/aide-a-lintegration-des-immigrants-au-quebec\/\"]}]},{\"@type\":\"BreadcrumbList\",\"@id\":\"https:\/\/www.cfiq.ca\/es\/service\/aide-a-lintegration-des-immigrants-au-quebec\/#breadcrumb\",\"itemListElement\":[{\"@type\":\"ListItem\",\"position\":1,\"name\":\"Accueil\",\"item\":\"https:\/\/www.cfiq.ca\/es\/\"},{\"@type\":\"ListItem\",\"position\":2,\"name\":\"Services\",\"item\":\"https:\/\/www.cfiq.ca\/en\/service\/\"},{\"@type\":\"ListItem\",\"position\":3,\"name\":\"Servicio de apoyo e integraci\u00f3n para inmigrantes en Quebec\"}]},{\"@type\":\"WebSite\",\"@id\":\"https:\/\/www.cfiq.ca\/#website\",\"url\":\"https:\/\/www.cfiq.ca\/\",\"name\":\"Collectif\",\"description\":\"\",\"potentialAction\":[{\"@type\":\"SearchAction\",\"target\":{\"@type\":\"EntryPoint\",\"urlTemplate\":\"https:\/\/www.cfiq.ca\/?s={search_term_string}\"},\"query-input\":{\"@type\":\"PropertyValueSpecification\",\"valueRequired\":true,\"valueName\":\"search_term_string\"}}],\"inLanguage\":\"es\"}]}<\/script>\n<!-- \/ Yoast SEO plugin. -->","yoast_head_json":{"title":"Servicio de apoyo e integraci\u00f3n para inmigrantes en Quebec","description":"Le Collectif accueille, informe et accompagne les immigrants dans leurs d\u00e9marches d'int\u00e9gration \u00e0 la soci\u00e9t\u00e9 Qu\u00e9b\u00e9coise, D\u00e9couvrez aussi la formation \"Objectif int\u00e9gration (OI)\".","robots":{"index":"index","follow":"follow","max-snippet":"max-snippet:-1","max-image-preview":"max-image-preview:large","max-video-preview":"max-video-preview:-1"},"canonical":"https:\/\/www.cfiq.ca\/es\/service\/aide-a-lintegration-des-immigrants-au-quebec\/","og_locale":"es_ES","og_type":"article","og_title":"Servicio de apoyo e integraci\u00f3n para inmigrantes en Quebec","og_description":"Le Collectif accueille, informe et accompagne les immigrants dans leurs d\u00e9marches d'int\u00e9gration \u00e0 la soci\u00e9t\u00e9 Qu\u00e9b\u00e9coise, D\u00e9couvrez aussi la formation \"Objectif int\u00e9gration (OI)\".","og_url":"https:\/\/www.cfiq.ca\/es\/service\/aide-a-lintegration-des-immigrants-au-quebec\/","og_site_name":"Collectif","article_modified_time":"2025-10-09T19:06:01+00:00","twitter_card":"summary_large_image","schema":{"@context":"https:\/\/schema.org","@graph":[{"@type":"WebPage","@id":"https:\/\/www.cfiq.ca\/es\/service\/aide-a-lintegration-des-immigrants-au-quebec\/","url":"https:\/\/www.cfiq.ca\/es\/service\/aide-a-lintegration-des-immigrants-au-quebec\/","name":"Servicio de apoyo e integraci\u00f3n para inmigrantes en Quebec","isPartOf":{"@id":"https:\/\/www.cfiq.ca\/#website"},"datePublished":"2020-11-11T14:18:55+00:00","dateModified":"2025-10-09T19:06:01+00:00","description":"Le Collectif accueille, informe et accompagne les immigrants dans leurs d\u00e9marches d'int\u00e9gration \u00e0 la soci\u00e9t\u00e9 Qu\u00e9b\u00e9coise, D\u00e9couvrez aussi la formation \"Objectif int\u00e9gration (OI)\".","breadcrumb":{"@id":"https:\/\/www.cfiq.ca\/es\/service\/aide-a-lintegration-des-immigrants-au-quebec\/#breadcrumb"},"inLanguage":"es","potentialAction":[{"@type":"ReadAction","target":["https:\/\/www.cfiq.ca\/es\/service\/aide-a-lintegration-des-immigrants-au-quebec\/"]}]},{"@type":"BreadcrumbList","@id":"https:\/\/www.cfiq.ca\/es\/service\/aide-a-lintegration-des-immigrants-au-quebec\/#breadcrumb","itemListElement":[{"@type":"ListItem","position":1,"name":"Accueil","item":"https:\/\/www.cfiq.ca\/es\/"},{"@type":"ListItem","position":2,"name":"Services","item":"https:\/\/www.cfiq.ca\/en\/service\/"},{"@type":"ListItem","position":3,"name":"Servicio de apoyo e integraci\u00f3n para inmigrantes en Quebec"}]},{"@type":"WebSite","@id":"https:\/\/www.cfiq.ca\/#website","url":"https:\/\/www.cfiq.ca\/","name":"Collectif","description":"","potentialAction":[{"@type":"SearchAction","target":{"@type":"EntryPoint","urlTemplate":"https:\/\/www.cfiq.ca\/?s={search_term_string}"},"query-input":{"@type":"PropertyValueSpecification","valueRequired":true,"valueName":"search_term_string"}}],"inLanguage":"es"}]}},"_links":{"self":[{"href":"https:\/\/www.cfiq.ca\/es\/wp-json\/wp\/v2\/service\/859","targetHints":{"allow":["GET"]}}],"collection":[{"href":"https:\/\/www.cfiq.ca\/es\/wp-json\/wp\/v2\/service"}],"about":[{"href":"https:\/\/www.cfiq.ca\/es\/wp-json\/wp\/v2\/types\/service"}],"wp:attachment":[{"href":"https:\/\/www.cfiq.ca\/es\/wp-json\/wp\/v2\/media?parent=859"}],"curies":[{"name":"wp","href":"https:\/\/api.w.org\/{rel}","templated":true}]}}

Servicio de apoyo e integración para inmigrantes en Quebec

<!-- This site is optimized with the Yoast SEO plugin v26.9 - https://yoast.com/product/yoast-seo-wordpress/ -->
<title>Servicio de apoyo e integración para inmigrantes en Quebec</title>
<meta name="description" content="Le Collectif accueille, informe et accompagne les immigrants dans leurs démarches d&#039;intégration à la société Québécoise, Découvrez aussi la formation &quot;Objectif intégration (OI)&quot;." />
<meta name="robots" content="index, follow, max-snippet:-1, max-image-preview:large, max-video-preview:-1" />
<link rel="canonical" href="https://www.cfiq.ca/es/service/aide-a-lintegration-des-immigrants-au-quebec/" />
<meta property="og:locale" content="es_ES" />
<meta property="og:type" content="article" />
<meta property="og:title" content="Servicio de apoyo e integración para inmigrantes en Quebec" />
<meta property="og:description" content="Le Collectif accueille, informe et accompagne les immigrants dans leurs démarches d&#039;intégration à la société Québécoise, Découvrez aussi la formation &quot;Objectif intégration (OI)&quot;." />
<meta property="og:url" content="https://www.cfiq.ca/es/service/aide-a-lintegration-des-immigrants-au-quebec/" />
<meta property="og:site_name" content="Collectif" />
<meta property="article:modified_time" content="2025-10-09T19:06:01+00:00" />
<meta name="twitter:card" content="summary_large_image" />
<script type="application/ld+json" class="yoast-schema-graph">{"@context":"https://schema.org","@graph":[{"@type":"WebPage","@id":"https://www.cfiq.ca/es/service/aide-a-lintegration-des-immigrants-au-quebec/","url":"https://www.cfiq.ca/es/service/aide-a-lintegration-des-immigrants-au-quebec/","name":"Servicio de apoyo e integración para inmigrantes en Quebec","isPartOf":{"@id":"https://www.cfiq.ca/#website"},"datePublished":"2020-11-11T14:18:55+00:00","dateModified":"2025-10-09T19:06:01+00:00","description":"Le Collectif accueille, informe et accompagne les immigrants dans leurs démarches d'intégration à la société Québécoise, Découvrez aussi la formation \"Objectif intégration (OI)\".","breadcrumb":{"@id":"https://www.cfiq.ca/es/service/aide-a-lintegration-des-immigrants-au-quebec/#breadcrumb"},"inLanguage":"es","potentialAction":[{"@type":"ReadAction","target":["https://www.cfiq.ca/es/service/aide-a-lintegration-des-immigrants-au-quebec/"]}]},{"@type":"BreadcrumbList","@id":"https://www.cfiq.ca/es/service/aide-a-lintegration-des-immigrants-au-quebec/#breadcrumb","itemListElement":[{"@type":"ListItem","position":1,"name":"Accueil","item":"https://www.cfiq.ca/es/"},{"@type":"ListItem","position":2,"name":"Services","item":"https://www.cfiq.ca/en/service/"},{"@type":"ListItem","position":3,"name":"Servicio de apoyo e integración para inmigrantes en Quebec"}]},{"@type":"WebSite","@id":"https://www.cfiq.ca/#website","url":"https://www.cfiq.ca/","name":"Collectif","description":"","potentialAction":[{"@type":"SearchAction","target":{"@type":"EntryPoint","urlTemplate":"https://www.cfiq.ca/?s={search_term_string}"},"query-input":{"@type":"PropertyValueSpecification","valueRequired":true,"valueName":"search_term_string"}}],"inLanguage":"es"}]}</script>
<!-- / Yoast SEO plugin. -->

Le Collectif accueille, informe et accompagne les immigrants dans leurs démarches d'intégration à la société Québécoise, Découvrez aussi la formation "Objectif intégration (OI)".
